pose 14 = -4*x + 58. Let l = x - 6. Suppose -2*j = 3*g - 4*g - 3, 0 = -l*g - j + 18. What are the prime factors of g?
3
Let l(q) be the first derivative of -q**4/4 - 5*q**3/3 + 2*q**2 - 5*q - 1. Let w be (69/(-15) - 2/5) + -1. What are the prime factors of l(w)?
7
Suppose 2*i - 6 = -2*j, 0*j + 3*i - 9 = -2*j. Suppose -t + 5 = -j*t. List the prime factors of t.
5
Let f(d) = 2*d - 1. Let c be f(7). Let a = c + 1. What are the prime factors of a?
2, 7
What are the prime factors of 21*7 + 0 + -3 + 7?
151
Suppose -5*l + 32 = 4*c, -4 = -l - c + 3. Suppose -l = -z - z. What are the prime factors of z?
2
Suppose -10*c + 241 + 159 = 0. What are the prime factors of c?
2, 5
Suppose p = 2*p - 5. Suppose -35 + p = -2*i. What are the prime factors of i?
3, 5
Suppose -3 = -3*d - 5*v + 37, -5*d - 2*v = -54. What are the prime factors of d?
2, 5
Let z be 3/9 - (-22)/6. What are the prime factors of (1 + 12)*z/4?
13
Suppose k = -y - 1, 4*k + y - 6 = -y. Let m be (4/8)/((-1)/(-46)). Suppose k*q + 2*p = -3*p + m, 3*q - 4*p - 25 = 0. What are the prime factors of q?
7
Suppose -2*v = -0*v - 6. What are the prime factors of (6/(-4))/(v/(-10))?
5
Let x(q) = -2*q**2 - 3*q - 3. Suppose 0 = 4*p + 11 + 1. Let y be x(p). What are the prime factors of 1/(-1 - 15/y)?
2
Let k be 2*((-37)/(-2))/1. Suppose 3*a - 3*x - 8 = k, 0 = -5*x. List the prime factors of a.
3, 5
Let r(y) = y**3 - 8*y**2 + y - 8. Let d be r(8). Suppose -77 = 2*k - 6*k + 5*t, 5*k - 2*t - 92 = d. List the prime factors of k.
2, 3
Suppose -y + 16 = -3*s, 0*s + 3*s = -2*y - 4. Suppose 4*r = -v + 45, -r + 0*v = y*v. List the prime factors of r.
2, 3
Let f = -30 - -54. List the prime factors of f.
2, 3
Let x = 50 - 20. List the prime factors of x.
2, 3, 5
List the prime factors of (70/(-15))/7*-3.
2
Let r = 37 - 4. List the prime factors of r.
3, 11
Suppose -2*g + 9 = -u + 132, g + 237 = 2*u. List the prime factors of u.
3, 13
Suppose 2*f - f = 0. Suppose 4*u - 8 = 2*u. Suppose -1 = -q + 2*o, -26 = -u*q - f*o - 3*o. List the prime factors of q.
5
Let x(s) = 2*s**3 - s**2 - 3*s - 4. What are the prime factors of x(3)?
2
Suppose 4*j - 5*n - 38 = 0, j - 14 = 2*n - 3. Let r(l) = l**2 - 5*l + 5. List the prime factors of r(j).
19
Let y = 19 - 11. Suppose -13*q + y*q = -65. What are the prime factors of q?
13
Suppose -2*j - 2*w - 28 = 18, 5*w = 3*j + 77. List the prime factors of ((-3)/(-4))/((-3)/j).
2, 3
Let p(s) = s - 1. Let c = 31 - 20. What are the prime factors of p(c)?
2, 5
Let i(l) = -2*l + 2. Let g(q) = -q**2 + 12*q - 22. Let o be g(10). What are the prime factors of i(o)?
2, 3
Let s(h) = -13*h**2 - 41*h - 20. Let t(k) = -3*k**2 - 10*k - 5. Let f(g) = -2*s(g) + 9*t(g). List the prime factors of f(-5).
2, 5
Suppose 4*a - 138 = 18. List the prime factors of a.
3, 13
Suppose 4*b + 96 = 716. What are the prime factors of b?
5, 31
Suppose 0*j - 5*j = -y - 1580, 3*j = -4*y + 971. What are the prime factors of j?
317
Let x = -73 - -174. List the prime factors of x.
101
Let q(i) = -10*i - 20. What are the prime factors of q(-10)?
2, 5
Let q be (-4)/10 - (-714)/10. Let a be (-142)/(-6) - 4/6. Suppose 4*h + a = q. What are the prime factors of h?
2, 3
Let k = -6 + 6. Suppose 3*x = -o + 40, -2*x = -2*o - k*x + 72. What are the prime factors of o?
37
Suppose x - 6*x = 0. Suppose -5*l + 2*o = x, -3*l - 3*o + 21 = -0*l. What are the prime factors of l?
2
Let g = -141 + 220. What are the prime factors of g?
79
Let d = 9 - 6. Suppose -d*i + 4 = -68. What are the prime factors of i?
2, 3
Let v(a) = 4 + a - 4 + 6. Let s be v(-4). Suppose -10 = -4*l - 3*t, -5*t + 4 - 6 = s*l. What are the prime factors of l?
2
Let j(b) = b + 7. Let i be j(-5). Let t be 10/4 + 1/i. Let u = 6 - t. What are the prime factors of u?
3
Let g = -5 - -21. List the prime factors of g.
2
Let a be 1/(-5) + 36/(-20). Let l = a + 13. List the prime factors of l.
11
Suppose -5*g - 57 - 18 = 0. Let i = 29 + g. What are the prime factors of i?
2, 7
Let x = 3 + -6. Let c be -6*x/(9/(-2)). Let u(l) = l**2 + l - 4. What are the prime factors of u(c)?
2
Suppose -k = -4 - 0. Suppose -k*w + 15 = -33. List the prime factors of w.
2, 3
Let a = -312 + 623. List the prime factors of a.
311
Let x(h) = 0*h - 4*h + h**3 - 10*h**2 - 1 + 14*h. List the prime factors of x(9).
2
Let u be -2*1 + 5 + -6. Let t = u + 3. Suppose 4*c - 9 = -3*b + 15, t = -3*b + 5*c - 3. List the prime factors of b.
2
Suppose -3*q - 5*n - 26 = 0, -4*q - 5*n = q + 30. Let p be (1 - 2) + (q - -2). Let d(w) = 8*w**2 + 1. List the prime factors of d(p).
3
Let a(q) = 8*q + 1. Let y be a(-1). Let o = y - -9. What are the prime factors of o?
2
Let h(v) = -v**3 - 6*v**2 + 3*v - 10. What are the prime factors of h(-8)?
2, 47
Let o be 0*(0 - -1) + 6. Let c = o - 20. Let t = c - -23. List the prime factors of t.
3
Suppose -2*w - 1 - 3 = 0. Let c be (-11 + 5)/(w/3). List the prime factors of (0 - 2) + c + -2.
5
What are the prime factors of ((-84)/(-4) - -2)*1?
23
Let u(s) = -s**2 + 2*s**3 - s**3 - 2*s**3 + 3 + 2. List the prime factors of u(0).
5
Let s = -70 + 122. What are the prime factors of s?
2, 13
Suppose -4*a - 3*r - 64 = r, -4*a = r + 79. List the prime factors of 8*2/((-24)/a).
2, 7
Let z(g) be the second derivative of g**4/6 + 2*g**3/3 - 7*g**2/2 + 4*g. Let r be z(5). Suppose x = 4*x - r. List the prime factors of x.
3, 7
Let i = 4 + -2. Suppose 2*v = -i*v + 52. List the prime factors of v.
13
Let c(b) = 2*b + 7. Suppose r = -0*r - 6. Let i be c(r). What are the prime factors of (i - -2) + (4 - -13)?
2, 7
Let k be 5/((-20)/6)*-2. Suppose 3*r - 7*r = -4*y, k*y = r + 6. List the prime factors of r.
3
Let s = 15 - 21. Let h be (-3)/9 + (-2)/s. Suppose -5*d + 5*y = h, -3*y + 21 = 2*d + 2*d. What are the prime factors of d?
3
Suppose -g + 256 - 66 = -3*m, -2*m = g - 170. What are the prime factors of g?
2, 89
Let r be -2*(-2)/(-8)*12. Let x = r + 10. Suppose 0 = 3*m - 5 - x. What are the prime factors of m?
3
Let a(w) = -w**2 + 6*w + 4. Let s(v) = -v**2 + 7*v - 6. Let f be s(4). Let m be a(f). Suppose -g + c = -c + m, g + 2*c = 8. List the prime factors of g.
2
Suppose -3*d + 0*y - y + 67 = 0, 0 = -5*d + 5*y + 105. Let f = d - 10. What are the prime factors of f?
2, 3
Let r(f) = f. Let i be r(2). Suppose b + i = 2*b. Let a(c) = -c**2 + 3*c + 1. What are the prime factors of a(b)?
3
Let w(l) = -l**2 - 4*l - 2. Let u be w(-6). Let a = -3 - u. What are the prime factors of a?
11
Let x = -26 + 44. Let a be (-4)/x - 183/27. Let g = -2 - a. What are the prime factors of g?
5
Suppose 5*u - 24 = 346. What are the prime factors of u?
2, 37
Let b be ((-24)/16)/(2/(-4)). Suppose -b*a - 113 = -2*f + 21, -5*f = -4*a - 188. Let x = -27 - a. What are the prime factors of x?
3, 5
Let g be (-1)/((-3)/3) + -39. Let p = -26 - g. List the prime factors of (28/p)/(1/3).
7
Let n = 45 + -23. List the prime factors of n.
2, 11
Let p(d) = d**2 + 9*d + 10. Let m be p(-8). Let s = -1 - m. List the prime factors of -2 + ((-3)/(-3) - s).
2
Suppose -11 - 129 = -5*o. List the prime factors of o.
2, 7
Suppose 0 = u + 1, 4*u = 6*h - 7*h + 423. What are the prime factors of h?
7, 61
Let u be ((-30)/25)/((-3)/20). Let r be (2/(-3))/(u/(-60)). Suppose f + 2*f - 55 = 2*b, 109 = r*f + b. List the prime factors of f.
3, 7
Let q(f) = -f**2 + 3*f + 2. Let s(d) = -2*d**2 + 7*d + 4. Let h(n) = -5*q(n) + 2*s(n). What are the prime factors of h(-3)?
2, 5
Let o be 5/2 + (-6)/(-12). Suppose o*r - 9 - 3 = 0. What are the prime factors of r?
2
Let x = 5 - -1. Suppose j + 1 = x. Suppose -j*i + 0*i = -25. What are the prime factors of i?
5
Let s(t) = -6*t + 13. What are the prime factors of s(-3)?
31
Let j = 3 + 0. Suppose 2*d + 8 = j*l, -5*l + 2*d - 6*d = -28. Suppose -g - 6 = 3*k, 3*g - l*k = 2*g + 29. What are the prime factors of g?
3
Let f(s) = 7*s**2 - 5*s + 3. List the prime factors of f(3).
3, 17
Suppose 140 = -20*c + 16*c. Let l = -12 - c. List the prime factors of l.
23
List the prime factors of (-1)/(-2) - -2*(-791)/(-28).
3, 19
Suppose 4*r = -0*r + 32. Let o = 25 - r. What are the prime factors of o?
17
Suppose -k + 6 = -18. Let g = k + -12. What are the prime factors of g?
2, 3
Let q(n) = -16*n - 7. What are the prime factors of q(-4)?
3, 19
Suppose 4*t - 7*t = -9. Suppose -q + 14 = -t. What are the prime factors of q?
17
Let b(j) = -9